6*k + 243 + 69 = 0. Calculate the greatest common divisor of k and i.
8
Let w(k) = -k - 2. Let f be w(8). Let n be (-7)/(22/f + 2). Let a be n + 1/2*-4. What is the highest common factor of 11 and a?
11
Let l = 35 - 30. Suppose -4*q = p - 0*p - 114, 4*p = -l*q + 137. What is the greatest common divisor of q and 319?
29
Suppose 2*t - 16 + 8 = 0. Suppose 4*d - t*c + 0 = 24, -4*d + 6 = 5*c. Calculate the highest common divisor of d and 3.
1
Suppose -5*s - 544 = 3*k, 2*s + 0*k = 5*k - 230. Let l be (14/4)/((-5)/s). Calculate the greatest common divisor of 7 and l.
7
Suppose h = k + 28, 2*h - 60 = -2*k + 4. Calculate the highest common divisor of h and 70.
10
Suppose -3*d = -3*t + 1227, 12*t - 5*d = 13*t - 433. What is the greatest common factor of 236 and t?
59
Suppose 185 = -5*k - 5*t + 2*t, -37 = k - t. Let i be 0 + (-5)/15 + k/(-3). Calculate the greatest common divisor of i and 30.
6
Suppose -48*j - 907 = -2203. What is the highest common factor of j and 108?
27
Suppose 190 = -175*x + 185*x. Let b be (-2 - -4)/(2/38). Calculate the greatest common factor of x and b.
19
Let p(k) = 16*k**2 - 17*k - 129. Let z be p(-6). What is the highest common divisor of z and 61?
61
Suppose 4*d - 57 = -13. Calculate the highest common factor of d and 110.
11
Let h = 275 - 179. Let y be -4*(-9)/(-12)*-1. Suppose 36 = y*t - 0. Calculate the greatest common factor of t and h.
12
Let y be (3/(-2))/((-8)/(-16)) - -139. What is the greatest common factor of y and 102?
34
Let w(t) = 2*t**2 + 41*t + 30. Let d be w(-20). Calculate the highest common divisor of d and 2.
2
Let t = -29 - -175. Suppose -t*m + 142*m + 40 = 0. What is the highest common factor of 30 and m?
10
Suppose -5*b - 3*x = -167, -48 = 3*b - 5*x - 155. What is the highest common divisor of 578 and b?
34
Let k be (-4)/8*(-14)/1. Let j be 4/14 + 334/k. Let z = -588 + 612. What is the greatest common factor of z and j?
24
Suppose 0 = -2*g - 5*z + 68, -2*g + 15 + 61 = 3*z. Calculate the highest common divisor of g and 308.
44
Let u be (-96)/(-5)*50/15. Suppose -6*z = -34 - 14. Calculate the greatest common divisor of u and z.
8
Let d(c) = 2*c**3 - 4*c**2 - 4*c + 2. Let p be d(4). Suppose 2*z - 75 = -z. What is the highest common divisor of z and p?
25
Let b = 712 - 537. Calculate the highest common divisor of b and 14.
7
Let p = 32 - 38. Let q be -1*36*2/p. Suppose 9*v - q = 6*v. Calculate the greatest common divisor of 4 and v.
4
Let s(h) = -h**2 + 5*h + 5. Let t be s(7). Let p(b) = 2*b**2 + 13*b - 3. Let w be p(t). What is the highest common factor of 14 and w?
14
Let i = 77 + -113. Let r be i/(-6)*(-2)/(-4). Let f be r*(-20)/24*-52. What is the greatest common divisor of f and 26?
26
Let u = -39 + 47. Suppose -5*l + u*l = 42. What is the greatest common factor of l and 28?
14
Let h be (-82)/(-6) - (-2)/6. Let q = h + -12. Suppose q*w - 14 - 106 = 0. What is the greatest common factor of w and 24?
12
Suppose 44*b - 456 = 6*b. What is the highest common divisor of 372 and b?
12
Let x(m) = -2*m**2 - m + 1. Let h be x(-1). Suppose h = 9*v - 55 - 53. Calculate the highest common factor of 6 and v.
6
Let s be ((-1308)/(-16))/(18/96). Suppose -5*n = -s + 16. What is the highest common divisor of n and 21?
21
Suppose -5*a + 17*a = 3552. Calculate the greatest common factor of a and 37.
37
Let r = -149 + 302. Let j(z) = z**3 - 7*z - 5. Let c be j(-4). Let a = -24 - c. What is the highest common divisor of a and r?
17
Let d = 886 + -732. Let r(u) = u**3 + 6*u**2 - u + 8. Let l be r(-6). Calculate the highest common factor of d and l.
14
Let b = 2 + -6. Let g = -3 + b. Let n be 38/14 - 2/g. What is the highest common divisor of 9 and n?
3
Let i be (-6)/30 - (-11)/5. Suppose -3*w + g - 6*g = -51, -i*w - 4*g + 36 = 0. Calculate the highest common factor of 12 and w.
12
Suppose 0 = 3*w + 9, -4*c - 5*w = -8*w - 361. Calculate the greatest common divisor of c and 24.
8
Let l be (2/4)/(18466/(-1680) - -11). Suppose 3*w - w - 12 = 0. What is the highest common factor of l and w?
6
Let v = -52 - -108. Suppose -k + 28 = 4*k - 3*u, -5*k - 4*u + v = 0. What is the highest common factor of 8 and k?
8
Let n(h) = 4*h**2 + 0*h**3 + 2 - 3*h**2 + h + h**3 + 5. Let q be n(0). Calculate the greatest common factor of q and 1.
1
Let f(x) = x**3 + 4*x**2 - x - 3. Let p be f(-4). Let z(k) = -k**2 + k + 98. Let a be z(10). What is the greatest common divisor of p and a?
1
Suppose 3*g - 5 = 1. Let h(v) = 0*v**2 + 0*v**2 + v**3 + 3*v + 1 - 5*v**g. Let l be h(5). Calculate the highest common factor of l and 8.
8
Suppose -16*v + 967 = -761. What is the greatest common divisor of v and 12?
12
Let t(b) = -b**3 + b**2 + 4. Let n be t(4). Suppose 2*i - 5*l + 19 = -14, 0 = 3*i + 2*l + 78. Let h = i - n. Calculate the greatest common factor of h and 40.
20
Let i be 2*9 - (0 - -2). Suppose 23*d + 286 - 1758 = 0. What is the greatest common divisor of i and d?
16
Let g = -55 - -125. Suppose 3*i - 31 = t, 55 = 5*i + 2*t + 7. Calculate the greatest common factor of g and i.
10
Suppose -18*z + 3458 + 8350 = 0. Calculate the greatest common divisor of 41 and z.
41
Let f(s) = s**3 + 2*s**2 + 12*s + 30. Let g be f(0). Calculate the greatest common divisor of 126 and g.
6
Let x(k) = 5*k - 145. Let u be x(43). Let d be -14*(-1 + 3 - 3). Calculate the greatest common factor of u and d.
14
Let v = 370 + 147. Calculate the highest common factor of 94 and v.
47
Suppose s = -3*g + 22, -3*g = -s - 12 + 4. What is the highest common factor of s and 182?
7
Let b(s) = -s**3 + 13*s**2 + 3*s + 72. Let u be b(9). What is the highest common factor of u and 18?
9
Let s(a) = -a**3 + 14*a**2 - 12*a + 5. Let o be s(13). Let k = o - -178. Let p = -126 + k. What is the greatest common divisor of p and 14?
14
Let a = -33 + 53. Suppose 0*m - 2*m + a = 0. Let p = 67 + -27. Calculate the highest common factor of p and m.
10
Suppose 35*p = 52*p - 1989. Calculate the greatest common factor of p and 18.
9
Let a = -13 - 1. Let w be (11 + -1)*(-5 - 77/a). Suppose 110 - 40 = 2*z. Calculate the greatest common factor of w and z.
5
Let j(b) = 3*b - 12. Let k be j(-3). Let g be (-140)/k*(2 - -1). What is the greatest common divisor of g and 30?
10
Suppose -x + 250 = 2*x - 4*z, z = -4*x + 365. Calculate the highest common factor of 10 and x.
10
Suppose 0 = -6*i - 43*i + 1421. What is the greatest common factor of i and 145?
29
Suppose 3*a + 25 = 7*y - 2*y, -65 = -5*y - 5*a. Let z = 4 + y. What is the greatest common divisor of z and 24?
12
Let m(f) = -f**2 - 7*f + 4. Let h be m(-7). Suppose -2*i - 10 = -h*i. Suppose -35 = 65*c - 72*c. What is the greatest common factor of c and i?
5
Let y be -35*(-4 + (-48)/(-15)). Suppose 5*j + 0 = -5. Let p = j - -5. Calculate the greatest common factor of y and p.
4
Let p(y) = 476*y**2 - 4*y - 19. Let f be p(-3). Calculate the highest common divisor of 91 and f.
91
Let d be -5 + 6 - (-43 + 3/1). Calculate the highest common divisor of 5125 and d.
41
Let k(l) = -2*l - 22. Let v be k(-10). Let i be (60/(-21))/(2/14*v). Calculate the greatest common divisor of 20 and i.
10
Let v(i) = 6*i - 18. Let c be v(9). Let s = -12 + c. Let a be ((-4)/10)/(2/(-60)). Calculate the highest common divisor of s and a.
12
Let q be 45/(-30)*(-1400)/6. Suppose 49*f - 42*f - q = 0. Calculate the highest common factor of f and 550.
50
Suppose 23*m + 2*m + 2*m = 2565. Let n(f) = 2*f**2 + 7*f + 4. Let z be n(-5). What is the highest common factor of z and m?
19
Suppose 11*d + 7 = 29. Calculate the highest common factor of 22 and d.
2
Suppose 4*l - 4*h = -52, -5*l + 2*h - 75 = -h. Let k be 57/11 - l/(-99). Suppose 13 = x + k. What is the greatest common factor of 72 and x?
8
Suppose 5*q - w + 3*w = 10, 10 = 5*q - w. Let g(t) = 7 + t - q*t**2 + 3 + t**3 - 6 - 10*t**2. Let r be g(12). Calculate the greatest common factor of r and 8.
8
Let p = 220 + -210. What is the greatest common factor of 130 and p?
10
Suppose -10*l = 3*l - 3848. Calculate the greatest common divisor of l and 37.
37
Let m = -353 - -606. What is the greatest common factor of 69 and m?
23
Let n = 11 - 7. Let b be 4 - (4 - 4 - 3). Let s be 82/b + n/14. Calculate the highest common divisor of 48 and s.
12
Suppose 109*l - 95*l - 1554 = 0. What is the highest common factor of l and 15?
3
Let p = 2841 + -2605. Ca